3*x - 31. What is the remainder when o(q) is divided by x?
24
What is the remainder when 966 is divided by 29 + 0 + -5 + (0 - 7)?
14
Let k be 4*15/20 - -112. Suppose u - k - 16 = 0. What is the remainder when u is divided by 33?
32
Suppose 37*r = 9*r + 308. Calculate the remainder when r is divided by 6.
5
Let b(m) = -m**3 - 7*m**2 + 4*m - 2. Calculate the remainder when 87 is divided by b(-8).
27
Calculate the remainder when (-18)/(-12)*(-3 + (-340)/(-12)) is divided by 30.
8
Suppose -16*d = 3*t - 12*d - 539, -168 = -t + d. Calculate the remainder when t is divided by 29.
28
Suppose -8 = -0*o - 4*o. Suppose -o*h + 8 + 8 = 0. Calculate the remainder when 28 is divided by h.
4
Suppose -4*u + 20 = 0, -5*a - 78 + 228 = 5*u. Suppose -2*g + 24 = -0*g + k, -4*g + 5*k = -20. What is the remainder when a is divided by g?
5
Calculate the remainder when ((-6)/3 - 3)/(3/(-30)) is divided by ((-14)/8)/7 - 138/(-8).
16
Let r = 332 - 305. Let l = 4 + 1. Calculate the remainder when r is divided by l.
2
Suppose -2*a + 14 - 4 = -5*p, 65 = 3*a + 5*p. Calculate the remainder when (33/(-15) + 1)/((-9)/210) is divided by a.
13
Let r(k) be the third derivative of -k**4/3 - 14*k**3/3 + 14*k**2. What is the remainder when r(-14) is divided by 22?
18
Let a(k) = 24*k - 1310. Let r(o) = o**3 - 3*o**2 + 2*o - 5. What is the remainder when r(6) is divided by a(57)?
57
Let t(q) be the third derivative of 5/3*q**3 + 3*q**2 + 0 - 1/3*q**4 + 0*q + 1/60*q**5. Calculate the remainder when 5 is divided by t(7).
2
Suppose 5*p + 5*x = 35, 5*x = 4*p + 22 - 77. Suppose -190*f + 193*f - 117 = 0. Suppose -f = -3*a - 27. Calculate the remainder when p is divided by a.
2
Let l = -394 + 406. Calculate the remainder when 199 is divided by l.
7
Suppose 88 = -z - z. Let p = z - -93. Let v = 28 + -11. What is the remainder when p is divided by v?
15
Suppose y - 1 - 1 = 0. Calculate the remainder when (-6)/((9/(-10))/(114/95)) is divided by y.
0
Let w = 617 + -549. Calculate the remainder when w is divided by 21.
5
Suppose 37 = 4*t - 35. Let q = t + -10. Let u = 1 + 12. Calculate the remainder when u is divided by q.
5
Suppose -3*q = -6 - 0. Suppose 2*k - h = 8, -4*h + 2*h - 12 = -q*k. Suppose 1 + 37 = k*g. What is the remainder when 54 is divided by g?
16
Let d be (9 - 232/24)/((-4)/30). What is the remainder when 76 is divided by 41 - (-1 - 0/d)?
34
Let i = 144 - 81. Suppose 29*n - 32*n = -i. Calculate the remainder when n is divided by 12.
9
Let s be ((1 - 4) + 0)*(-18)/(-2). What is the remainder when 63 is divided by (-6)/4*3*96/s?
15
Let f = 791 + -771. What is the remainder when 124 is divided by f?
4
Suppose -10 = -5*n, 0 = 38*j - 42*j + 4*n. Calculate the remainder when 0 - (-1*26 - -2) is divided by j.
0
Let c = -794 + 944. What is the remainder when c is divided by 29?
5
Suppose 8*c - 45 + 5 = 0. Calculate the remainder when 78 is divided by c.
3
Let i(p) = p**2 + p + 1. Let t(v) = -2*v + 42. Let x be t(15). Calculate the remainder when -5 + 2 + (x - (-1 - -5)) is divided by i(-2).
2
Suppose -4*j = 22*t - 20*t - 114, 4*t - 223 = -3*j. What is the remainder when 548 is divided by t?
53
Suppose -224 = 82*d - 89*d. What is the remainder when 32 is divided by d?
0
Suppose -5*j - 7 + 37 = 0. Let b = -65 + 96. Let n = -17 + b. Calculate the remainder when n is divided by j.
2
What is the remainder when 183 is divided by 32/(-48)*(-21)/(-4)*-6?
15
Let h(r) = r**2 + 2*r + 3. Let x be h(-4). Let y = x - -21. Calculate the remainder when y is divided by 11.
10
Let p = -394 + 419. Calculate the remainder when 48 is divided by p.
23
Suppose -101*d = -6467 - 1714. Suppose 0*a + 48 = -4*a. Calculate the remainder when d is divided by (-2)/((-8)/(-7))*a.
18
Suppose -2*m + 900 = 3*m + 2*o, -3*m + 2*o = -556. What is the remainder when m is divided by 62?
58
Suppose -j - 50 = -3*j. Let u = 923 + -910. Calculate the remainder when j is divided by u.
12
Let n(l) = 2*l + 13. Suppose 0 = -3*b + 15, -4*r - 2*b + b = -45. Let q be n(r). Suppose 7 = 4*s - q. Calculate the remainder when 16 is divided by s.
6
Suppose -4*z + 3*z - 95 = -s, -s + 93 = -2*z. What is the remainder when s is divided by 17/((-11)/(-55) - 6/(-20))?
29
Let d = -15 + 40. Suppose -t - d = -6*t. What is the remainder when 9 is divided by t?
4
Calculate the remainder when 54 is divided by 2 + (-1 - -2) - -3*4.
9
Let l(t) = -t**2 - 13*t - 7. Let g = 3 + 6. Calculate the remainder when (-3)/(-2)*174/g is divided by l(-11).
14
Let x(k) = 4*k**2 + 15*k + 1. Let f be x(-6). Let y = -28 + f. What is the remainder when 2 + 0 + (79 - 1) is divided by y?
26
Suppose -348*m + 347*m + 22 = 0. What is the remainder when 63 is divided by m?
19
Let h(i) = 4*i + 2. Suppose -1809 = -13*z - 275. Calculate the remainder when z is divided by h(7).
28
Let s be -3 - (-6 + 0)*1. Suppose 0 = -m - s*m. Suppose 4*u - 217 + 5 = m. What is the remainder when u is divided by 18?
17
Suppose 2*n + 15 - 9 = 0, 0 = -5*u - 4*n + 43. Calculate the remainder when 1922 is divided by u.
8
Suppose -8401*i = -8408*i + 119. What is the remainder when 1765 is divided by i?
14
Suppose 2*k = -0*k + 30. Calculate the remainder when (-225)/(-9) + -3 + 3 + 2 is divided by k.
12
Let v = 402 - 75. What is the remainder when v is divided by 41?
40
Suppose -5*v + 4*u = -v + 4, -1 = v - 5*u. Suppose 624 = -16*f + 1232. Calculate the remainder when f is divided by 0 + 9 - v/1.
8
Let m = 424 + -369. Calculate the remainder when 215 is divided by m.
50
Let d(j) = j**3 - 10*j**2 + j + 8. What is the remainder when 38 is divided by d(10)?
2
Suppose l = 5*z - 8, -l + 6 = 4*z - 4. Suppose 8*h - 3*t = 3*h + 167, z*h + 4*t - 72 = 0. Let c(f) = 3*f - 5. Calculate the remainder when h is divided by c(4).
6
Let x(h) = -h**3 - 15*h**2 - h - 1. What is the remainder when 88 is divided by x(-15)?
4
Let r(y) = 2*y - 11. Let u be r(0). What is the remainder when (u/2)/(7/(-28)) is divided by 13?
9
Suppose 132 = -8*u + 252. What is the remainder when 52 is divided by u?
7
Suppose -n - 3*n = 0. Suppose n = 5*b - 42 - 3. Calculate the remainder when b is divided by 2.
1
Let u(r) be the first derivative of 5*r**2 - 19*r - 26. What is the remainder when 30 is divided by u(3)?
8
Let i(d) = d - 13. Let s be i(13). Let o(c) = c**2 - 4*c + 3. Let m be o(4). Suppose s = -6*a + m*a + 57. What is the remainder when 37 is divided by a?
18
Let w = 1007 - 971. Calculate the remainder when 114 is divided by w.
6
Let l be 2 + 0 + 2/(-1). Suppose -3*x - 27 = 5*q, l = 3*q + 6*x - 2*x + 14. Let r(a) = a + 9. Calculate the remainder when 4 is divided by r(q).
1
Let d = -40 + 48. Let h(m) = -15*m - 2. Let b(p) = p + 6. Let o be b(-7). What is the remainder when h(o) is divided by d?
5
Let b(t) = t**2 - t - 13. Calculate the remainder when b(-13) is divided by (-2 + 1/1)/((-10)/430).
40
Suppose -21*x - 34 = -23*x. What is the remainder when 50 is divided by x?
16
Let o(z) = -12*z - 110. What is the remainder when 133 is divided by o(-13)?
41
Let p = -157 + 276. What is the remainder when p is divided by 23?
4
Suppose z - 6*z + 84 = 3*s, -s = 2. What is the remainder when 265 is divided by z?
13
Suppose 17 + 0 = -k. Let j = 26 + k. What is the remainder when j is divided by 3?
0
Let q = -441 - -469. Calculate the remainder when q is divided by 15.
13
Let m = -373 + 396. What is the remainder when 202 is divided by m?
18
Let k(f) = f**3 - 3*f**2 + 7*f - 11. Let m(p) = -p**2 - 11*p - 9. Let j be m(-4). Suppose -j = -0*d - d. What is the remainder when k(5) is divided by d?
17
Let z = 43 - 30. Calculate the remainder when (-4 + 4 + 1)*(26 + -3) is divided by z.
10
Let h = -7 + 14. Suppose -9*y + 158 = -h*y. Calculate the remainder when y is divided by -1 + 3 - (-19 - -1).
19
Suppose -8*z = -4*z - 752. What is the remainder when z is divided by 16?
12
Let k(b) = -9*b + 146. What is the remainder when 92 is divided by k(14)?
12
Suppose -w - 1 = -15. Let z = 20 - w. Suppose -n + z*n = 245. Calculate the remainder when n is divided by 17.
15
Suppose 0 = -3*j + 4*j - 5. Let k = -1 + j. Suppose 0 = 2*c - 4 - 2, 33 = k*l - c. Calculate the remainder when 34 is divided by l.
7
Suppose 2*i - h = 2*h, i + 2*h - 14 = 0. Suppose -21*k + 22 = -19*k. What is the remainder when k is divided by i?
5
Let o = -67 + 79. Suppose 3*d - 12 = -5*